{"id":26512,"date":"2023-03-15T14:31:09","date_gmt":"2023-03-15T12:31:09","guid":{"rendered":"https:\/\/societe-cfee.com\/?page_id=26512"},"modified":"2025-05-28T16:28:15","modified_gmt":"2025-05-28T14:28:15","slug":"les-ateliers","status":"publish","type":"page","link":"https:\/\/societe-cfee.com\/index.php\/les-ateliers\/","title":{"rendered":"Les ateliers"},"content":{"rendered":"\t\t<div data-elementor-type=\"wp-page\" data-elementor-id=\"26512\" class=\"elementor elementor-26512\" data-elementor-settings=\"[]\">\n\t\t\t\t\t\t\t<div class=\"elementor-section-wrap\">\n\t\t\t\t\t\t\t<section class=\"elementor-section elementor-top-section elementor-element elementor-element-52d9daca elementor-section-boxed elementor-section-height-default elementor-section-height-default\" data-id=\"52d9daca\" data-element_type=\"section\">\n\t\t\t\t\t\t<div class=\"elementor-container elementor-column-gap-default\">\n\t\t\t\t\t<div class=\"elementor-column elementor-col-100 elementor-top-column elementor-element elementor-element-55f9754\" data-id=\"55f9754\" data-element_type=\"column\">\n\t\t\t<div class=\"elementor-widget-wrap elementor-element-populated\">\n\t\t\t\t\t\t\t\t<div class=\"elementor-element elementor-element-5f6875b4 elementor-widget elementor-widget-text-editor\" data-id=\"5f6875b4\" data-element_type=\"widget\" data-widget_type=\"text-editor.default\">\n\t\t\t\t<div class=\"elementor-widget-container\">\n\t\t\t<style>\/*! elementor - v3.5.6 - 28-02-2022 *\/\n.elementor-widget-text-editor.elementor-drop-cap-view-stacked .elementor-drop-cap{background-color:#818a91;color:#fff}.elementor-widget-text-editor.elementor-drop-cap-view-framed .elementor-drop-cap{color:#818a91;border:3px solid;background-color:transparent}.elementor-widget-text-editor:not(.elementor-drop-cap-view-default) .elementor-drop-cap{margin-top:8px}.elementor-widget-text-editor:not(.elementor-drop-cap-view-default) .elementor-drop-cap-letter{width:1em;height:1em}.elementor-widget-text-editor .elementor-drop-cap{float:left;text-align:center;line-height:1;font-size:50px}.elementor-widget-text-editor .elementor-drop-cap-letter{display:inline-block}<\/style>\t\t\t\t<p><!-- wp:paragraph --><\/p>\n<h4 style=\"color: blue;\" align=\"CENTER\">Pr\u00e9sentation succincte d&rsquo;un Atelier programm\u00e9 par&nbsp;CFEE (Le 31 Mai 2025)&nbsp;<\/h4>\n<p>Dans le cadre de ses activit\u00e9s et sa contribution \u00e0 la mise \u00e0 niveau des entreprises et administrations marocaines et africaines, le Centre de Formation, d\u2019Etudes et d\u2019Expertises \u00ab CFEE \u00bb organisera, durant le 31 mai 2025, un Atelier Pratique (en pr\u00e9sentiel et \u00e0 distance) dans le domaine d&rsquo;intelligence artificielle. (voir le tableau ci-dessous) :<\/p>\n<p><!-- \/wp:paragraph --><\/p>\n<p><!-- wp:wpdatatables\/wpdatatables-gutenberg-block {\"short_code\":\"[wpdatatable id=10]\",\"tableID\":\"10\"} --><\/p>\n<div>\n<p>\n<div class=\"wpdt-c row wpDataTableContainerSimpleTable wpDataTables wpDataTablesWrapper\n wdtscroll\"\n    >\n        <table id=\"wpdtSimpleTable-20\"\n           style=\"border-collapse:collapse;\n                   border-spacing:0px;\"\n           class=\"wpdtSimpleTable wpDataTable\"\n           data-column=\"4\"\n           data-rows=\"2\"\n           data-wpID=\"20\"\n           data-responsive=\"0\"\n           data-has-header=\"1\">\n\n                    <thead>        <tr class=\"wpdt-cell-row \" >\n                                <th class=\"wpdt-cell wpdt-bold\"\n                                            data-cell-id=\"A1\"\n                    data-col-index=\"0\"\n                    data-row-index=\"0\"\n                    style=\" width:149px;                    padding:10px;\n                    \"\n                    >\n                                        R\u00e9f\u00e9rences                    <\/th>\n                                                <th class=\"wpdt-cell wpdt-bold\"\n                                            data-cell-id=\"B1\"\n                    data-col-index=\"1\"\n                    data-row-index=\"0\"\n                    style=\" width:408px;                    padding:10px;\n                    \"\n                    >\n                                        Th\u00e8mes                    <\/th>\n                                                <th class=\"wpdt-cell wpdt-bold\"\n                                            data-cell-id=\"C1\"\n                    data-col-index=\"2\"\n                    data-row-index=\"0\"\n                    style=\" width:527px;                    padding:10px;\n                    \"\n                    >\n                                        Animateurs                    <\/th>\n                                                <th class=\"wpdt-cell wpdt-bold\"\n                                            data-cell-id=\"D1\"\n                    data-col-index=\"3\"\n                    data-row-index=\"0\"\n                    style=\" width:242px;                    padding:10px;\n                    \"\n                    >\n                                        Dates                    <\/th>\n                                        <\/tr>\n                    <tbody>        <tr class=\"wpdt-cell-row odd\" >\n                                <td class=\"wpdt-cell \"\n                                            data-cell-id=\"A2\"\n                    data-col-index=\"0\"\n                    data-row-index=\"1\"\n                    style=\"                    padding:10px;\n                    \"\n                    >\n                                        A05-01 (Atelier)                    <\/td>\n                                                <td class=\"wpdt-cell \"\n                                            data-cell-id=\"B2\"\n                    data-col-index=\"1\"\n                    data-row-index=\"1\"\n                    style=\"                    padding:10px;\n                    \"\n                    >\n                                        Intelligence artificielle <b>AI<\/b> et <b>ChatGPT<\/b> : <br\/> L&rsquo;essentiel \u00e0 savoir                    <\/td>\n                                                <td class=\"wpdt-cell \"\n                                            data-cell-id=\"C2\"\n                    data-col-index=\"2\"\n                    data-row-index=\"1\"\n                    style=\"                    padding:10px;\n                    \"\n                    >\n                                        <span style=\"font-weight: bold;\">Pr Lahsen- cherif IYAD<\/span><br\/>\nExpert en intelligence Artificielle et Docteur en Science de donn\u00e9es                    <\/td>\n                                                <td class=\"wpdt-cell \"\n                                            data-cell-id=\"D2\"\n                    data-col-index=\"3\"\n                    data-row-index=\"1\"\n                    style=\"                    padding:10px;\n                    \"\n                    >\n                                        Samedi 31 mai 2025                    <\/td>\n                                        <\/tr>\n                    <\/table>\n<\/div><style id='wpdt-custom-style-20'>\n<\/style>\n<style>\n            \/* th background color *\/\n    .wpdt-c.wpDataTablesWrapper table.wpdtSimpleTable.bt[data-has-header='1'] td.wpdt-header-classes,\n    .wpdt-c.wpDataTablesWrapper table.wpdtSimpleTable thead th,\n    .wpdt-c .wpDataTablesWrapper table.wpDataTable thead th,\n    .wpdt-c .wpDataTablesWrapper table.wpDataTable thead th.sorting {\n        background-color: #0082f1 !important;\n        background-image: none !important;\n    }\n                \n                                                \n                <\/style>\n<\/p>\n<\/div>\n<h4 style=\"color: blue;\" align=\"CENTER\">Informations relatives \u00e0 l\u2019inscription et \u00e0 la participation aux quatre activit\u00e9s programm\u00e9es par \u00ab CFEE \u00bb<\/h4>\n<p>1) Les frais d\u2019inscription sont donn\u00e9s dans le tableau ci-dessous. Ils comportent pour tous les participants une documentation. Quant aux personnes inscrites en pr\u00e9sentiel, elles auront en plus droit au d\u00e9jeuner du midi et \u00e0 la pause-caf\u00e9.<\/p>\n<p><strong>\n<div class=\"wpdt-c row wpDataTableContainerSimpleTable wpDataTables wpDataTablesWrapper\n wdtscroll\"\n    >\n        <table id=\"wpdtSimpleTable-21\"\n           style=\"border-collapse:collapse;\n                   border-spacing:0px;\"\n           class=\"wpdtSimpleTable wpDataTable\"\n           data-column=\"3\"\n           data-rows=\"2\"\n           data-wpID=\"21\"\n           data-responsive=\"0\"\n           data-has-header=\"1\">\n\n                    <thead>        <tr class=\"wpdt-cell-row \" >\n                                <th class=\"wpdt-cell wpdt-bold wpdt-empty-cell \"\n                                            data-cell-id=\"A1\"\n                    data-col-index=\"0\"\n                    data-row-index=\"0\"\n                    style=\" width:193px;                    padding:10px;\n                    \"\n                    >\n                                                            <\/th>\n                                                <th class=\"wpdt-cell wpdt-bold wpdt-fs-000015\"\n                                            data-cell-id=\"B1\"\n                    data-col-index=\"1\"\n                    data-row-index=\"0\"\n                    style=\" width:393px;                    padding:10px;\n                    \"\n                    >\n                                        En pr\u00e9sentiel                    <\/th>\n                                                <th class=\"wpdt-cell wpdt-bold wpdt-fs-000015\"\n                                            data-cell-id=\"C1\"\n                    data-col-index=\"2\"\n                    data-row-index=\"0\"\n                    style=\" width:426px;                    padding:10px;\n                    \"\n                    >\n                                        A distance                    <\/th>\n                                        <\/tr>\n                    <tbody>        <tr class=\"wpdt-cell-row odd\" >\n                                <td class=\"wpdt-cell \"\n                                            data-cell-id=\"A2\"\n                    data-col-index=\"0\"\n                    data-row-index=\"1\"\n                    style=\"                    padding:10px;\n                    \"\n                    >\n                                        Atelier (1 journ\u00e9e)                    <\/td>\n                                                <td class=\"wpdt-cell wpdt-bold\"\n                                            data-cell-id=\"B2\"\n                    data-col-index=\"1\"\n                    data-row-index=\"1\"\n                    style=\"                    padding:10px;\n                    \"\n                    >\n                                        <ul><li>900 Dh pour les soci\u00e9t\u00e9s et administrations<\/li><li>600 Dh pour les particuliers<\/li><li>480 Dh pour les chercheurs non boursiers et sans revenus<\/li><\/ul>                    <\/td>\n                                                <td class=\"wpdt-cell wpdt-bold\"\n                                            data-cell-id=\"C2\"\n                    data-col-index=\"2\"\n                    data-row-index=\"1\"\n                    style=\"                    padding:10px;\n                    \"\n                    >\n                                        <ul><li>500 Dh pour les soci\u00e9t\u00e9s, institutions et administrations<\/li><li>360 Dh pour les particuliers<\/li><li>240 Dh pour les chercheurs non boursiers et sans revenus<\/li><\/ul>                    <\/td>\n                                        <\/tr>\n                    <\/table>\n<\/div><style id='wpdt-custom-style-21'>\n.wpdt-fs-000015 { font-size: 15px !important;}\n<\/style>\n<style>\n            \/* th background color *\/\n    .wpdt-c.wpDataTablesWrapper table.wpdtSimpleTable.bt[data-has-header='1'] td.wpdt-header-classes,\n    .wpdt-c.wpDataTablesWrapper table.wpdtSimpleTable thead th,\n    .wpdt-c .wpDataTablesWrapper table.wpDataTable thead th,\n    .wpdt-c .wpDataTablesWrapper table.wpDataTable thead th.sorting {\n        background-color: #0082f1 !important;\n        background-image: none !important;\n    }\n                \n                                                \n                <\/style>\n<\/strong><\/p>\n<p>2) La r\u00e9duction suivante sera accord\u00e9e : 5% pour un minimum de 3 inscriptions.<\/p>\n<p>3) Les participants aux ateliers et aux formations mentionn\u00e9s ci-dessus recevront une attestation sign\u00e9e conjointement par le Directeur de \u00ab CFEE \u00bb et l&rsquo;Animateur de la Formation ou de l\u2019Atelier en question.<\/p>\n<p>4) Une inscription n\u2019est d\u00e9finitive que si \u00ab CFEE \u00bb re\u00e7oit un Bon de Commande relatif \u00e0 la Formation ou \u00e0 l\u2019Atelier en question ou si le virement correspondant \u00e0 une inscription sera re\u00e7u sur le compte bancaire de \u00ab CFEE \u00bb suivant :<\/p>\n<h5 style=\"color: blue;\" align=\"CENTER\">&nbsp;CB : 011 810 0000132100008395 07 (Bank of Africa, Rabat)<\/h5>\n<p>5) L\u2019\u00e9quipe du Centre \u00ab CFEE \u00bb reste \u00e0 votre disposition pour vous apporter les compl\u00e9ments d\u2019information n\u00e9cessaires et\/ou essayer de discuter de vos \u00e9ventuels besoins en mati\u00e8re de formation. Vous trouverez une liste non exhaustive d\u2019autres formations (environ 160 diff\u00e9rents th\u00e8mes) sur notre site web (<a href=\"http:\/\/www.societe-cfee.com\">www.societe-cfee.com<\/a>).<\/p>\n<p>Vous pouvez nous contacter en utilisant les moyens de communication suivants :<\/p>\n<div>\n<p style=\"color: blue;\" align=\"CENTER\"><em><strong> GSM :&nbsp;<\/strong><\/em><em style=\"font-family: var( --e-global-typography-text-font-family ), Sans-serif; font-weight: var( --e-global-typography-text-font-weight );\"><strong>+212 (0)&nbsp;<\/strong><\/em><strong style=\"font-family: var( --e-global-typography-text-font-family ), Sans-serif; text-align: left;\">6 61634962 \/&nbsp;<\/strong><em style=\"font-family: var( --e-global-typography-text-font-family ), Sans-serif; font-weight: var( --e-global-typography-text-font-weight );\"><strong>+212 (0)&nbsp;<\/strong><\/em><strong style=\"font-family: var( --e-global-typography-text-font-family ), Sans-serif; text-align: left;\">7 03166565 <\/strong><em style=\"font-family: var( --e-global-typography-text-font-family ), Sans-serif; font-weight: var( --e-global-typography-text-font-weight ); text-align: left;\"><strong>; Fax : +212 (0) 5 37671887 ; Mail : <\/strong><\/em><strong style=\"font-family: var( --e-global-typography-text-font-family ), Sans-serif; text-align: left;\">cfee_formations@societe-cfee.com&nbsp;<\/strong><\/p>\n<\/div>\t\t\t\t\t\t<\/div>\n\t\t\t\t<\/div>\n\t\t\t\t\t<\/div>\n\t\t<\/div>\n\t\t\t\t\t\t\t<\/div>\n\t\t<\/section>\n\t\t\t\t<section class=\"elementor-section elementor-top-section elementor-element elementor-element-87ffb05 elementor-section-boxed elementor-section-height-default elementor-section-height-default\" data-id=\"87ffb05\" data-element_type=\"section\">\n\t\t\t\t\t\t<div class=\"elementor-container elementor-column-gap-default\">\n\t\t\t\t\t<div class=\"elementor-column elementor-col-100 elementor-top-column elementor-element elementor-element-8092cd6\" data-id=\"8092cd6\" data-element_type=\"column\">\n\t\t\t<div class=\"elementor-widget-wrap elementor-element-populated\">\n\t\t\t\t\t\t\t\t<div class=\"elementor-element elementor-element-c4da2ff elementor-align-center elementor-widget elementor-widget-button\" data-id=\"c4da2ff\" data-element_type=\"widget\" id=\"webinaire-link\" data-widget_type=\"button.default\">\n\t\t\t\t<div class=\"elementor-widget-container\">\n\t\t\t\t\t<div class=\"elementor-button-wrapper\">\n\t\t\t<a href=\"https:\/\/societe-cfee.com\/atelier-31-05-25\" target=\"_blank\" class=\"elementor-button-link elementor-button elementor-size-md\" role=\"button\">\n\t\t\t\t\t\t<span class=\"elementor-button-content-wrapper\">\n\t\t\t\t\t\t<span class=\"elementor-button-text\">T\u00e9l\u00e9charger la fiche de l'atelier : Intelligence artificielle \"AI\" et \"ChatGPT\"<\/span>\n\t\t<\/span>\n\t\t\t\t\t<\/a>\n\t\t<\/div>\n\t\t\t\t<\/div>\n\t\t\t\t<\/div>\n\t\t\t\t\t<\/div>\n\t\t<\/div>\n\t\t\t\t\t\t\t<\/div>\n\t\t<\/section>\n\t\t\t\t\t\t<\/div>\n\t\t\t\t\t<\/div>\n\t\t","protected":false},"excerpt":{"rendered":"<p>Pr\u00e9sentation succincte d&rsquo;un Atelier programm\u00e9 par&nbsp;CFEE (Le 31 Mai 2025)&nbsp; Dans le cadre de ses activit\u00e9s et sa contribution \u00e0 la mise \u00e0 niveau des entreprises et administrations marocaines et africaines, le Centre de Formation, d\u2019Etudes et d\u2019Expertises \u00ab CFEE \u00bb organisera, durant le 31 mai 2025, un Atelier Pratique (en pr\u00e9sentiel et \u00e0 distance)&#8230;<\/p>\n","protected":false},"author":1,"featured_media":0,"parent":0,"menu_order":0,"comment_status":"closed","ping_status":"closed","template":"","meta":{"footnotes":""},"_links":{"self":[{"href":"https:\/\/societe-cfee.com\/index.php\/wp-json\/wp\/v2\/pages\/26512"}],"collection":[{"href":"https:\/\/societe-cfee.com\/index.php\/wp-json\/wp\/v2\/pages"}],"about":[{"href":"https:\/\/societe-cfee.com\/index.php\/wp-json\/wp\/v2\/types\/page"}],"author":[{"embeddable":true,"href":"https:\/\/societe-cfee.com\/index.php\/wp-json\/wp\/v2\/users\/1"}],"replies":[{"embeddable":true,"href":"https:\/\/societe-cfee.com\/index.php\/wp-json\/wp\/v2\/comments?post=26512"}],"version-history":[{"count":165,"href":"https:\/\/societe-cfee.com\/index.php\/wp-json\/wp\/v2\/pages\/26512\/revisions"}],"predecessor-version":[{"id":27207,"href":"https:\/\/societe-cfee.com\/index.php\/wp-json\/wp\/v2\/pages\/26512\/revisions\/27207"}],"wp:attachment":[{"href":"https:\/\/societe-cfee.com\/index.php\/wp-json\/wp\/v2\/media?parent=26512"}],"curies":[{"name":"wp","href":"https:\/\/api.w.org\/{rel}","templated":true}]}}